 28757 composite?
True
Is 236609 prime?
True
Is 130958 composite?
True
Is 15487 prime?
False
Is 30399 a prime number?
False
Is 2999 a prime number?
True
Is 69313 prime?
True
Is 27411 prime?
False
Is 10357 a composite number?
False
Is 769 a prime number?
True
Is 5175811 prime?
True
Is 74687 composite?
False
Is 132806 a prime number?
False
Is 5017 prime?
False
Is 58147 a composite number?
False
Is 345637 a prime number?
True
Is 16442 prime?
False
Is 9357 a prime number?
False
Is 73615 prime?
False
Is 4499 a prime number?
False
Is 550241 composite?
False
Is 62623 prime?
False
Is 123859 composite?
True
Is 11846 prime?
False
Is 5158 a prime number?
False
Is 1027519 a prime number?
True
Is 1567 composite?
False
Is 7753 prime?
True
Is 82003 a composite number?
False
Is 7433 a prime number?
True
Is 15259 a prime number?
True
Is 5147 a composite number?
False
Is 5531 prime?
True
Is 6614 composite?
True
Is 1657 a prime number?
True
Is 1657 prime?
True
Is 44111 prime?
True
Is 203333 prime?
False
Is 2813 composite?
True
Is 74279 prime?
True
Is 3907 a prime number?
True
Is 1693031 a prime number?
True
Is 7453 a composite number?
True
Is 18503 prime?
True
Is 115433 composite?
True
Is 274753 a composite number?
True
Is 25621 a composite number?
False
Is 12979 a composite number?
False
Is 84701 composite?
False
Is 148573 a prime number?
True
Is 83618 a prime number?
False
Is 899 a prime number?
False
Is 6113 a prime number?
True
Is 555663 prime?
False
Is 5209 composite?
False
Is 9871 a composite number?
False
Is 8909 prime?
False
Is 73183 composite?
True
Is 5855 prime?
False
Is 70991 a composite number?
False
Is 18713 a composite number?
False
Is 717 composite?
True
Is 71465 a prime number?
False
Is 176941 prime?
False
Is 1282 prime?
False
Is 124247 a composite number?
False
Is 75821 a prime number?
True
Is 17519 a composite number?
False
Is 3629 composite?
True
Is 168143 a composite number?
False
Is 370649 a prime number?
False
Is 76073 a composite number?
True
Is 31307 prime?
True
Is 14303 a composite number?
False
Is 469 prime?
False
Is 19589 composite?
True
Is 2337967 a prime number?
True
Is 439271 a prime number?
False
Is 299041 a composite number?
True
Is 1320289 a prime number?
False
Is 7017 a prime number?
False
Is 1998679 a prime number?
True
Is 8459 a prime number?
False
Is 11579 composite?
False
Is 443 a composite number?
False
Is 174283 composite?
True
Is 35519 prime?
False
Is 4853 a composite number?
True
Is 5583 composite?
True
Is 24557 prime?
False
Is 34841 composite?
False
Is 542641 a prime number?
False
Is 35759 prime?
True
Is 223577 a composite number?
False
Is 145799 a prime number?
True
Is 1109609 a prime number?
True
Is 25409 a composite number?
False
Is 155795 prime?
False
Is 573847 composite?
False
Is 208741 a composite number?
True
Is 146257 prime?
False
Is 61339 a composite number?
False
Is 1761493 prime?
True
Is 30863 a composite number?
True
Is 877069 a composite number?
True
Is 783031 prime?
False
Is 2557 a prime number?
True
Is 161911 a prime number?
True
Is 199 composite?
False
Is 40735 prime?
False
Is 1477031 composite?
False
Is 102803 a composite number?
True
Is 63073 a prime number?
True
Is 2999 a composite number?
False
Is 634717 a composite number?
False
Is 8263 a prime number?
True
Is 460111 a composite number?
False
Is 2707 a composite number?
False
Is 158959 prime?
True
Is 4397 a composite number?
False
Is 9979 a prime number?
False
Is 753497 composite?
False
Is 1151 a prime number?
True
Is 14341 composite?
False
Is 112183 composite?
True
Is 93071 composite?
True
Is 142046 prime?
False
Is 1259 a prime number?
True
Is 503957 a prime number?
False
Is 10897 a composite number?
True
Is 1733 prime?
True
Is 199887 prime?
False
Is 936587 prime?
True
Is 5027 prime?
False
Is 4391 composite?
False
Is 697673 a composite number?
False
Is 13099 a prime number?
True
Is 13709 a prime number?
True
Is 495811 a composite number?
True
Is 10771 a composite number?
False
Is 16439 prime?
False
Is 3458866 a composite number?
True
Is 439753 prime?
True
Is 2796151 a composite number?
True
Is 366497 prime?
True
Is 2324239 composite?
True
Is 24737 a prime number?
False
Is 448183 a composite number?
True
Is 256943 a prime number?
False
Is 673 composite?
False
Is 7405 a composite number?
True
Is 279602 a composite number?
True
Is 92357 a composite number?
False
Is 101627 prime?
True
Is 702257 a prime number?
True
Is 55313 a composite number?
False
Is 517 a prime number?
False
Is 6101 a prime number?
True
Is 451657 a composite number?
False
Is 178477 a composite number?
True
Is 148553 a prime number?
False
Is 6007 a composite number?
False
Is 908353 a prime number?
True
Is 24943 a composite number?
False
Is 89967 a prime number?
False
Is 563 a prime number?
True
Is 56193 a composite number?
True
Is 3643 a prime number?
True
Is 785643 prime?
False
Is 646189 composite?
False
Is 9803 a composite number?
False
Is 282787 a composite number?
True
Is 13001 a composite number?
False
Is 12311 prime?
False
Is 246877 composite?
True
Is 757 prime?
True
Is 11734 a composite number?
True
Is 332947 a prime number?
True
Is 659831 composite?
False
Is 913 a prime number?
False
Is 72563 a composite number?
True
Is 136763 a prime number?
False
Is 5923 a prime number?
True
Is 22921 composite?
False
Is 51713 a composite number?
False
Is 3551 a composite number?
True
Is 60199 a prime number?
False
Is 163 a composite number?
False
Is 650523 composite?
True
Is 140317 prime?
True
Is 702983 a prime number?
True
Is 10357 composite?
False
Is 79901 a composite number?
False
Is 2333 a composite number?
False
Is 33926 a composite number?
True
Is 203291 a prime number?
False
Is 111819 a composite number?
True
Is 12949 composite?
True
Is 760015 prime?
False
Is 31511 composite?
False
Is 352877 composite?
True
Is 629 prime?
False
Is 5591 prime?
True
Is 862661 prime?
False
Is 410063 composite?
False
Is 26063 composite?
True
Is 426086 prime?
False
Is 22679 a composite number?
False
Is 212083 a composite number?
True
Is 6421 a composite number?
False
Is 2167 prime?
False
Is 376231 prime?
True
Is 4249 prime?
False
Is 666265 prime?
False
Is 25777 prime?
False
Is 156041 composite?
False
Is 5006 a composite number?
True
Is 140977 a prime number?
True
Is 14519 a composite number?
False
Is 31303 a composite number?
True
Is 65933 composite?
True
Is 40459 composite?
False
Is 47933 composite?
False
Is 105743 a prime number?
False
Is 3251 prime?
True
Is 813746 prime?
False
Is 1831 composite?
False
Is 186077 composite?
True
Is 2020817 a composite number?
False
Is 164911 composite?
False
Is 50341 a composite number?
False
Is 535 prime?
False
Is 2966417 prime?
False
Is 361111 a prime number?
True
Is 17002 a composite number?
True
Is 645151 composite?
True
Is 418553 prime?
True
Is 213799 prime?
True
Is 40361 a prime number?
True
Is 330923 a composite number?
True
Is 33961 prime?
True
Is 48221 a composite number?
False
Is 1021483 a composite number?
False
Is 93131 composite?
False
Is 1916867 a composite number?
False
Is 235349 prime?
True
Is 151267 a prime number?
False
Is 24191 composite?
True
Is 37087 prime?
True
Is 98963 composite?
False
Is 6599 a composite number?
False
Is 110089 prime?
False
Is 9157 a composite number?
False
Is 6131 a prime number?
True
Is 1970783 prime?
True
Is 1780573 a prime number?
True
Is 75149 a prime number?
True
Is 65951 a prime number?
True
Is 519411 a composite number?
True
Is 1373639 a prime number?
True
Is 1501 a prime number?
False
Is 27533 a composite number?
True
Is 134077 composite?
False
Is 432389 composite?
False
Is 7321 composite?
False
Is 2180927 prime?
False
Is 35489 prime?
False
Is 27343 a prime number?
False
Is 130807 prime?
True
Is 13367 a prime number?
True
Is 1366109 composite?
False
Is 275357 composite?
False
Is 262 prime?
False
Is 3095 a composite number?
True
Is 68141 composite?
False
Is 18691 composite?
False
Is 277 composite?
False
Is 62695 composite?
True
Is 12439 a prime number?
False
Is 243365 a prime number?
False
Is 965603 a composite number?
False
Is 42241 composite?
True
Is 6139 a composite number?
True
Is 80557 a composite number?
False
Is 13093 a composite number?
False
Is 3163 a composite number?
False
Is 41467 composite?
False
Is 449 a 